{"id":32,"date":"2017-11-28T15:04:11","date_gmt":"2017-11-28T15:04:11","guid":{"rendered":"http:\/\/www.timobuske.de\/photo\/?page_id=32"},"modified":"2020-08-26T19:02:03","modified_gmt":"2020-08-26T19:02:03","slug":"home","status":"publish","type":"page","link":"http:\/\/www.timobuske.de\/photo\/","title":{"rendered":"Timo Buske Photography"},"content":{"rendered":"\n<p class=\"has-text-align-right has-large-font-size\"><em>Nat\u00fcrliches Licht ist keine Einschr\u00e4nkung, sondern eine Frage der \u00c4sthetik.<\/em><\/p>\n\n\n\n<div style=\"height:100px\" aria-hidden=\"true\" class=\"wp-block-spacer\"><\/div>\n\n\n\n<div class=\"wp-block-cover alignfull has-parallax\" style=\"background-image:url(http:\/\/www.timobuske.de\/photo\/wp-content\/uploads\/2020\/04\/2018-07-28_T7BWrack09-2_GriechenlandGythio-scaled.jpg)\"><div class=\"wp-block-cover__inner-container\">\n<p class=\"has-text-align-center has-large-font-size\"><\/p>\n<\/div><\/div>\n\n\n\n<h3 class=\"has-text-align-right\"><a href=\"http:\/\/www.timobuske.de\/photo\/portfolio\/landscape\/\">Landscape<\/a><\/h3>\n\n\n\n<div style=\"height:100px\" aria-hidden=\"true\" class=\"wp-block-spacer\"><\/div>\n\n\n\n<div class=\"wp-block-cover alignfull has-parallax\" style=\"background-image:url(http:\/\/www.timobuske.de\/photo\/wp-content\/uploads\/2020\/04\/2018-05-14_RX_00184-1_2018_Div-scaled.jpg)\"><div class=\"wp-block-cover__inner-container\">\n<p class=\"has-text-align-center has-large-font-size\"><\/p>\n<\/div><\/div>\n\n\n\n<h3 class=\"has-text-align-right\"><a href=\"http:\/\/www.timobuske.de\/photo\/portfolio\/misc\/\">Misc<\/a><\/h3>\n\n\n\n<div style=\"height:100px\" aria-hidden=\"true\" class=\"wp-block-spacer\"><\/div>\n\n\n\n<div class=\"wp-block-cover alignfull has-parallax\" style=\"background-image:url(http:\/\/www.timobuske.de\/photo\/wp-content\/uploads\/2020\/08\/2020-08-26_Abstract-01-05-1_2020_Div.jpg)\"><div class=\"wp-block-cover__inner-container\">\n<p class=\"has-text-align-center has-large-font-size\"><\/p>\n<\/div><\/div>\n\n\n\n<h3 class=\"has-text-align-right\"><a href=\"http:\/\/www.timobuske.de\/photo\/abstract\/\">Abstract<\/a><\/h3>\n\n\n\n<div style=\"height:100px\" aria-hidden=\"true\" class=\"wp-block-spacer\"><\/div>\n\n\n\n<div class=\"wp-block-cover alignfull has-parallax\" style=\"background-image:url(http:\/\/www.timobuske.de\/photo\/wp-content\/uploads\/2018\/03\/hd-2016-11-19_DSC01029-1_Eckernfoerde_54_28_N_09_51_E.jpg)\"><div class=\"wp-block-cover__inner-container\">\n<p class=\"has-text-align-center has-large-font-size\"><\/p>\n<\/div><\/div>\n\n\n\n<h3 class=\"has-text-align-right\"><a href=\"http:\/\/www.timobuske.de\/photo\/portfolio\/lighthouses\/\">Lighthouses<\/a><\/h3>\n\n\n\n<div style=\"height:100px\" aria-hidden=\"true\" class=\"wp-block-spacer\"><\/div>\n\n\n\n<div class=\"wp-block-cover alignfull has-parallax\" style=\"background-image:url(http:\/\/www.timobuske.de\/photo\/wp-content\/uploads\/2018\/03\/hd-2017-10-14_DSC02190-1_2017_Div.jpg)\"><div class=\"wp-block-cover__inner-container\">\n<p class=\"has-text-align-center has-large-font-size\"><\/p>\n<\/div><\/div>\n\n\n\n<h3 class=\"has-text-align-right\"><a href=\"http:\/\/www.timobuske.de\/photo\/portfolio\/people\/\">People<\/a><\/h3>\n\n\n\n<p><\/p>\n","protected":false},"excerpt":{"rendered":"<p>Nat\u00fcrliches Licht ist keine Einschr\u00e4nkung, sondern eine Frage der \u00c4sthetik. Landscape Misc Abstract Lighthouses People<\/p>\n","protected":false},"author":1,"featured_media":258,"parent":0,"menu_order":0,"comment_status":"closed","ping_status":"closed","template":"","meta":[],"_links":{"self":[{"href":"http:\/\/www.timobuske.de\/photo\/wp-json\/wp\/v2\/pages\/32"}],"collection":[{"href":"http:\/\/www.timobuske.de\/photo\/wp-json\/wp\/v2\/pages"}],"about":[{"href":"http:\/\/www.timobuske.de\/photo\/wp-json\/wp\/v2\/types\/page"}],"author":[{"embeddable":true,"href":"http:\/\/www.timobuske.de\/photo\/wp-json\/wp\/v2\/users\/1"}],"replies":[{"embeddable":true,"href":"http:\/\/www.timobuske.de\/photo\/wp-json\/wp\/v2\/comments?post=32"}],"version-history":[{"count":38,"href":"http:\/\/www.timobuske.de\/photo\/wp-json\/wp\/v2\/pages\/32\/revisions"}],"predecessor-version":[{"id":366,"href":"http:\/\/www.timobuske.de\/photo\/wp-json\/wp\/v2\/pages\/32\/revisions\/366"}],"wp:featuredmedia":[{"embeddable":true,"href":"http:\/\/www.timobuske.de\/photo\/wp-json\/wp\/v2\/media\/258"}],"wp:attachment":[{"href":"http:\/\/www.timobuske.de\/photo\/wp-json\/wp\/v2\/media?parent=32"}],"curies":[{"name":"wp","href":"https:\/\/api.w.org\/{rel}","templated":true}]}}